[INFO] cloning repository https://github.com/WimbledonLabs/renderer
[INFO] running `Command { std: "git" "-c" "credential.helper=" "-c" "credential.helper=/workspace/cargo-home/bin/git-credential-null" "clone" "--bare" "https://github.com/WimbledonLabs/renderer" "/workspace/cache/git-repos/https%3A%2F%2Fgithub.com%2FWimbledonLabs%2Frenderer", kill_on_drop: false }`
[INFO] [stderr] Cloning into bare repository '/workspace/cache/git-repos/https%3A%2F%2Fgithub.com%2FWimbledonLabs%2Frenderer'...
[INFO] running `Command { std: "git" "rev-parse" "HEAD", kill_on_drop: false }`
[INFO] [stdout] f29dfeed3a6401196e74ad7cb3cd212b2f97e3a8
[INFO] checking WimbledonLabs/renderer against try#72f88fc4e9458f89516a0b8b0868f3718aec5b47 for pr-74989
[INFO] running `Command { std: "git" "clone" "/workspace/cache/git-repos/https%3A%2F%2Fgithub.com%2FWimbledonLabs%2Frenderer" "/workspace/builds/worker-1/source", kill_on_drop: false }`
[INFO] [stderr] Cloning into '/workspace/builds/worker-1/source'...
[INFO] [stderr] done.
[INFO] validating manifest of git repo https://github.com/WimbledonLabs/renderer on toolchain 72f88fc4e9458f89516a0b8b0868f3718aec5b47
[INFO] running `Command { std: "/workspace/cargo-home/bin/cargo" "+72f88fc4e9458f89516a0b8b0868f3718aec5b47" "read-manifest" "--manifest-path" "Cargo.toml", kill_on_drop: false }`
[INFO] started tweaking git repo https://github.com/WimbledonLabs/renderer
[INFO] finished tweaking git repo https://github.com/WimbledonLabs/renderer
[INFO] tweaked toml for git repo https://github.com/WimbledonLabs/renderer written to /workspace/builds/worker-1/source/Cargo.toml
[INFO] crate git repo https://github.com/WimbledonLabs/renderer already has a lockfile, it will not be regenerated
[INFO] running `Command { std: "/workspace/cargo-home/bin/cargo" "+72f88fc4e9458f89516a0b8b0868f3718aec5b47" "fetch" "--locked" "--manifest-path" "Cargo.toml", kill_on_drop: false }`
[INFO] [stderr]  Downloading crates ...
[INFO] [stderr]   Downloaded wide v0.4.5
[INFO] running `Command { std: "docker" "create" "-v" "/var/lib/crater-agent-workspace/builds/worker-1/target:/opt/rustwide/target:rw,Z" "-v" "/var/lib/crater-agent-workspace/builds/worker-1/source:/opt/rustwide/workdir:ro,Z" "-v" "/var/lib/crater-agent-workspace/cargo-home:/opt/rustwide/cargo-home:ro,Z" "-v" "/var/lib/crater-agent-workspace/rustup-home:/opt/rustwide/rustup-home:ro,Z" "-e" "SOURCE_DIR=/opt/rustwide/workdir" "-e" "CARGO_TARGET_DIR=/opt/rustwide/target" "-e" "CARGO_HOME=/opt/rustwide/cargo-home" "-e" "RUSTUP_HOME=/opt/rustwide/rustup-home" "-w" "/opt/rustwide/workdir" "-m" "1610612736" "--user" "0:0" "--network" "none" "rustops/crates-build-env@sha256:d92eaeed33fa75130ca1ee6c8a01d1ffb62bac859dfdfb3450e3e5d1c0146529" "/opt/rustwide/cargo-home/bin/cargo" "+72f88fc4e9458f89516a0b8b0868f3718aec5b47" "metadata" "--no-deps" "--format-version=1", kill_on_drop: false }`
[INFO] [stdout] 2a2b9f490533bad7f33b8a96100597c000a34fd00fe0a9a45ae3665bc6506038
[INFO] [stderr] WARNING: Your kernel does not support swap limit capabilities or the cgroup is not mounted. Memory limited without swap.
[INFO] running `Command { std: "docker" "start" "-a" "2a2b9f490533bad7f33b8a96100597c000a34fd00fe0a9a45ae3665bc6506038", kill_on_drop: false }`
[INFO] running `Command { std: "docker" "inspect" "2a2b9f490533bad7f33b8a96100597c000a34fd00fe0a9a45ae3665bc6506038", kill_on_drop: false }`
[INFO] running `Command { std: "docker" "rm" "-f" "2a2b9f490533bad7f33b8a96100597c000a34fd00fe0a9a45ae3665bc6506038", kill_on_drop: false }`
[INFO] [stdout] 2a2b9f490533bad7f33b8a96100597c000a34fd00fe0a9a45ae3665bc6506038
[INFO] running `Command { std: "docker" "create" "-v" "/var/lib/crater-agent-workspace/builds/worker-1/target:/opt/rustwide/target:rw,Z" "-v" "/var/lib/crater-agent-workspace/builds/worker-1/source:/opt/rustwide/workdir:ro,Z" "-v" "/var/lib/crater-agent-workspace/cargo-home:/opt/rustwide/cargo-home:ro,Z" "-v" "/var/lib/crater-agent-workspace/rustup-home:/opt/rustwide/rustup-home:ro,Z" "-e" "SOURCE_DIR=/opt/rustwide/workdir" "-e" "CARGO_TARGET_DIR=/opt/rustwide/target" "-e" "CARGO_INCREMENTAL=0" "-e" "RUST_BACKTRACE=full" "-e" "RUSTFLAGS=--cap-lints=forbid" "-e" "CARGO_HOME=/opt/rustwide/cargo-home" "-e" "RUSTUP_HOME=/opt/rustwide/rustup-home" "-w" "/opt/rustwide/workdir" "-m" "1610612736" "--user" "0:0" "--network" "none" "rustops/crates-build-env@sha256:d92eaeed33fa75130ca1ee6c8a01d1ffb62bac859dfdfb3450e3e5d1c0146529" "/opt/rustwide/cargo-home/bin/cargo" "+72f88fc4e9458f89516a0b8b0868f3718aec5b47" "check" "--frozen" "--all" "--all-targets" "--message-format=json", kill_on_drop: false }`
[INFO] [stderr] WARNING: Your kernel does not support swap limit capabilities or the cgroup is not mounted. Memory limited without swap.
[INFO] [stdout] f81bf785ed08de7f93c83592fd1a8fa6d5e45008240f0f61ef104b61309adf89
[INFO] running `Command { std: "docker" "start" "-a" "f81bf785ed08de7f93c83592fd1a8fa6d5e45008240f0f61ef104b61309adf89", kill_on_drop: false }`
[INFO] [stderr]     Blocking waiting for file lock on package cache
[INFO] [stderr]    Compiling xml-rs v0.8.3
[INFO] [stderr]     Checking smallvec v1.4.0
[INFO] [stderr]    Compiling nix v0.17.0
[INFO] [stderr]     Checking once_cell v1.3.1
[INFO] [stderr]     Checking scoped-tls v1.0.0
[INFO] [stderr]    Compiling wide v0.4.5
[INFO] [stderr]     Checking bytemuck v1.2.0
[INFO] [stderr]    Compiling winapi v0.3.8
[INFO] [stderr]    Compiling imgui-sys v0.3.0
[INFO] [stderr]    Compiling minifb v0.16.0
[INFO] [stderr]    Compiling xkbcommon-sys v0.7.4
[INFO] [stderr]    Compiling proc-macro2 v1.0.12
[INFO] [stderr]     Checking time v0.1.43
[INFO] [stderr]     Checking dlib v0.4.1
[INFO] [stderr]     Checking wayland-sys v0.25.0
[INFO] [stderr]     Checking parking_lot_core v0.7.2
[INFO] [stderr]     Checking parking_lot v0.10.2
[INFO] [stderr]     Checking xkb v0.2.1
[INFO] [stderr]    Compiling quote v1.0.4
[INFO] [stderr]    Compiling wayland-scanner v0.25.0
[INFO] [stderr]     Checking ultraviolet v0.4.6
[INFO] [stderr]    Compiling wayland-client v0.25.0
[INFO] [stderr]    Compiling wayland-protocols v0.25.0
[INFO] [stderr]     Checking wayland-commons v0.25.0
[INFO] [stderr]     Checking wayland-cursor v0.25.0
[INFO] [stderr]     Checking imgui v0.3.0
[INFO] [stderr]     Checking renderer v0.1.0 (/opt/rustwide/workdir)
[INFO] [stdout] error[E0433]: failed to resolve: could not find `um` in `winapi`
[INFO] [stdout]   --> src/main.rs:14:13
[INFO] [stdout]    |
[INFO] [stdout] 14 | use winapi::um::xinput::XINPUT_GAMEPAD_A;
[INFO] [stdout]    |             ^^ could not find `um` in `winapi`
[INFO] [stdout] 
[INFO] [stdout] 
[INFO] [stdout] error[E0433]: failed to resolve: could not find `um` in `winapi`
[INFO] [stdout]   --> src/main.rs:14:13
[INFO] [stdout]    |
[INFO] [stdout] 14 | use winapi::um::xinput::XINPUT_GAMEPAD_A;
[INFO] [stdout]    |             ^^ could not find `um` in `winapi`
[INFO] [stdout] 
[INFO] [stdout] 
[INFO] [stdout] error[E0433]: failed to resolve: could not find `um` in `winapi`
[INFO] [stdout]    --> src/main.rs:437:22
[INFO] [stdout]     |
[INFO] [stdout] 437 |     unsafe { winapi::um::sysinfoapi::GetLogicalProcessorInformation(ptr::null_mut(), &mut returned_length) };
[INFO] [stdout]     |                      ^^ could not find `um` in `winapi`
[INFO] [stdout] 
[INFO] [stdout] 
[INFO] [stdout] error[E0433]: failed to resolve: could not find `um` in `winapi`
[INFO] [stdout]    --> src/main.rs:439:77
[INFO] [stdout]     |
[INFO] [stdout] 439 |     let proc_info_count = returned_length as usize / mem::size_of::<winapi::um::winnt::SYSTEM_LOGICAL_PROCESSOR_INFORMATION>();
[INFO] [stdout]     |                                                                             ^^ could not find `um` in `winapi`
[INFO] [stdout] 
[INFO] [stdout] 
[INFO] [stdout] error[E0433]: failed to resolve: could not find `um` in `winapi`
[INFO] [stdout]    --> src/main.rs:437:22
[INFO] [stdout]     |
[INFO] [stdout] 437 |     unsafe { winapi::um::sysinfoapi::GetLogicalProcessorInformation(ptr::null_mut(), &mut returned_length) };
[INFO] [stdout]     |                      ^^ could not find `um` in `winapi`
[INFO] [stdout] 
[INFO] [stdout] 
[INFO] [stdout] error[E0433]: failed to resolve: could not find `um` in `winapi`
[INFO] [stdout]    --> src/main.rs:439:77
[INFO] [stdout]     |
[INFO] [stdout] 439 |     let proc_info_count = returned_length as usize / mem::size_of::<winapi::um::winnt::SYSTEM_LOGICAL_PROCESSOR_INFORMATION>();
[INFO] [stdout]     |                                                                             ^^ could not find `um` in `winapi`
[INFO] [stdout] 
[INFO] [stdout] 
[INFO] [stdout] error[E0433]: failed to resolve: could not find `um` in `winapi`
[INFO] [stdout]    --> src/main.rs:440:43
[INFO] [stdout]     |
[INFO] [stdout] 440 |     let mut proc_info_buffer: Vec<winapi::um::winnt::SYSTEM_LOGICAL_PROCESSOR_INFORMATION> = Vec::with_capacity(proc_info_count);
[INFO] [stdout]     |                                           ^^ could not find `um` in `winapi`
[INFO] [stdout] 
[INFO] [stdout] 
[INFO] [stdout] error[E0433]: failed to resolve: could not find `um` in `winapi`
[INFO] [stdout]    --> src/main.rs:444:36
[INFO] [stdout]     |
[INFO] [stdout] 444 |     let success = unsafe { winapi::um::sysinfoapi::GetLogicalProcessorInformation(proc_info_buffer.as_mut_ptr(), &mut returned_length) };
[INFO] [stdout]     |                                    ^^ could not find `um` in `winapi`
[INFO] [stdout] 
[INFO] [stdout] 
[INFO] [stdout] error[E0433]: failed to resolve: could not find `um` in `winapi`
[INFO] [stdout]    --> src/main.rs:440:43
[INFO] [stdout]     |
[INFO] [stdout] 440 |     let mut proc_info_buffer: Vec<winapi::um::winnt::SYSTEM_LOGICAL_PROCESSOR_INFORMATION> = Vec::with_capacity(proc_info_count);
[INFO] [stdout]     |                                           ^^ could not find `um` in `winapi`
[INFO] [stdout] 
[INFO] [stdout] 
[INFO] [stdout] error[E0433]: failed to resolve: could not find `um` in `winapi`
[INFO] [stdout]    --> src/main.rs:444:36
[INFO] [stdout]     |
[INFO] [stdout] 444 |     let success = unsafe { winapi::um::sysinfoapi::GetLogicalProcessorInformation(proc_info_buffer.as_mut_ptr(), &mut returned_length) };
[INFO] [stdout]     |                                    ^^ could not find `um` in `winapi`
[INFO] [stdout] 
[INFO] [stdout] 
[INFO] [stdout] error[E0433]: failed to resolve: could not find `um` in `winapi`
[INFO] [stdout]    --> src/main.rs:797:38
[INFO] [stdout]     |
[INFO] [stdout] 797 |         let mut input_state: winapi::um::xinput::XINPUT_STATE = unsafe { mem::zeroed() };
[INFO] [stdout]     |                                      ^^ could not find `um` in `winapi`
[INFO] [stdout] 
[INFO] [stdout] 
[INFO] [stdout] error[E0433]: failed to resolve: could not find `um` in `winapi`
[INFO] [stdout]    --> src/main.rs:797:38
[INFO] [stdout]     |
[INFO] [stdout] 797 |         let mut input_state: winapi::um::xinput::XINPUT_STATE = unsafe { mem::zeroed() };
[INFO] [stdout]     |                                      ^^ could not find `um` in `winapi`
[INFO] [stdout] 
[INFO] [stdout] 
[INFO] [stdout] error[E0433]: failed to resolve: could not find `um` in `winapi`
[INFO] [stdout]    --> src/main.rs:798:26
[INFO] [stdout]     |
[INFO] [stdout] 798 |         unsafe { winapi::um::xinput::XInputGetState(0, &mut input_state) };
[INFO] [stdout]     |                          ^^ could not find `um` in `winapi`
[INFO] [stdout] 
[INFO] [stdout] 
[INFO] [stdout] error[E0433]: failed to resolve: could not find `um` in `winapi`
[INFO] [stdout]    --> src/main.rs:798:26
[INFO] [stdout]     |
[INFO] [stdout] 798 |         unsafe { winapi::um::xinput::XInputGetState(0, &mut input_state) };
[INFO] [stdout]     |                          ^^ could not find `um` in `winapi`
[INFO] [stdout] 
[INFO] [stdout] 
[INFO] [stdout] error[E0425]: cannot find value `XINPUT_GAMEPAD_A` in this scope
[INFO] [stdout]    --> src/main.rs:889:44
[INFO] [stdout]     |
[INFO] [stdout] 889 |         if (input_state.Gamepad.wButtons & XINPUT_GAMEPAD_A) != 0 {
[INFO] [stdout]     |                                            ^^^^^^^^^^^^^^^^ not found in this scope
[INFO] [stdout] 
[INFO] [stdout] 
[INFO] [stdout] error[E0425]: cannot find value `XINPUT_GAMEPAD_A` in this scope
[INFO] [stdout]    --> src/main.rs:889:44
[INFO] [stdout]     |
[INFO] [stdout] 889 |         if (input_state.Gamepad.wButtons & XINPUT_GAMEPAD_A) != 0 {
[INFO] [stdout]     |                                            ^^^^^^^^^^^^^^^^ not found in this scope
[INFO] [stdout] 
[INFO] [stdout] 
[INFO] [stdout] error: aborting due to 8 previous errors
[INFO] [stdout] 
[INFO] [stdout] 
[INFO] [stdout] Some errors have detailed explanations: E0425, E0433.
[INFO] [stdout] 
[INFO] [stdout] For more information about an error, try `rustc --explain E0425`.
[INFO] [stdout] 
[INFO] [stderr] error: could not compile `renderer`.
[INFO] [stderr] 
[INFO] [stderr] To learn more, run the command again with --verbose.
[INFO] [stderr] warning: build failed, waiting for other jobs to finish...
[INFO] [stdout] error: aborting due to 8 previous errors
[INFO] [stdout] 
[INFO] [stdout] 
[INFO] [stdout] Some errors have detailed explanations: E0425, E0433.
[INFO] [stdout] 
[INFO] [stdout] For more information about an error, try `rustc --explain E0425`.
[INFO] [stdout] 
[INFO] [stderr] error: build failed
[INFO] running `Command { std: "docker" "inspect" "f81bf785ed08de7f93c83592fd1a8fa6d5e45008240f0f61ef104b61309adf89", kill_on_drop: false }`
[INFO] running `Command { std: "docker" "rm" "-f" "f81bf785ed08de7f93c83592fd1a8fa6d5e45008240f0f61ef104b61309adf89", kill_on_drop: false }`
[INFO] [stdout] f81bf785ed08de7f93c83592fd1a8fa6d5e45008240f0f61ef104b61309adf89
